te the remainder when 118 is divided by 12.
10
Calculate the remainder when 4405 is divided by 17.
2
What is the remainder when 1713 is divided by 78?
75
What is the remainder when 230 is divided by 222?
8
What is the remainder when 768 is divided by 132?
108
Calculate the remainder when 197 is divided by 20.
17
Calculate the remainder when 11042 is divided by 44.
42
What is the remainder when 5194 is divided by 12?
10
What is the remainder when 4505 is divided by 41?
36
Calculate the remainder when 164 is divided by 14.
10
What is the remainder when 731 is divided by 122?
121
What is the remainder when 779 is divided by 46?
43
Calculate the remainder when 1355 is divided by 147.
32
What is the remainder when 428 is divided by 64?
44
Calculate the remainder when 812 is divided by 102.
98
Calculate the remainder when 500 is divided by 24.
20
What is the remainder when 564 is divided by 81?
78
What is the remainder when 415 is divided by 49?
23
Calculate the remainder when 1495 is divided by 48.
7
What is the remainder when 597 is divided by 42?
9
What is the remainder when 77 is divided by 68?
9
What is the remainder when 338 is divided by 328?
10
Calculate the remainder when 194 is divided by 40.
34
What is the remainder when 187 is divided by 47?
46
Calculate the remainder when 318 is divided by 87.
57
Calculate the remainder when 444 is divided by 135.
39
Calculate the remainder when 749 is divided by 16.
13
Calculate the remainder when 472 is divided by 58.
8
What is the remainder when 434 is divided by 105?
14
What is the remainder when 523 is divided by 175?
173
What is the remainder when 4878 is divided by 15?
3
Calculate the remainder when 350 is divided by 27.
26
What is the remainder when 898 is divided by 222?
10
What is the remainder when 4480 is divided by 115?
110
What is the remainder when 189 is divided by 50?
39
Calculate the remainder when 828 is divided by 242.
102
What is the remainder when 113 is divided by 30?
23
What is the remainder when 160 is divided by 27?
25
Calculate the remainder when 664 is divided by 98.
76
Calculate the remainder when 306 is divided by 78.
72
Calculate the remainder when 1411 is divided by 464.
19
Calculate the remainder when 1979 is divided by 18.
17
Calculate the remainder when 368 is divided by 12.
8
What is the remainder when 104 is divided by 27?
23
Calculate the remainder when 4408 is divided by 10.
8
Calculate the remainder when 501 is divided by 21.
18
What is the remainder when 19 is divided by 11?
8
Calculate the remainder when 951 is divided by 225.
51
Calculate the remainder when 114 is divided by 27.
6
Calculate the remainder when 16563 is divided by 63.
57
What is the remainder when 178 is divided by 92?
86
Calculate the remainder when 123 is divided by 25.
23
What is the remainder when 818 is divided by 172?
130
Calculate the remainder when 333 is divided by 43.
32
Calculate the remainder when 1052 is divided by 10.
2
What is the remainder when 1229 is divided by 14?
11
What is the remainder when 1124 is divided by 94?
90
What is the remainder when 57 is divided by 34?
23
What is the remainder when 1087 is divided by 64?
63
Calculate the remainder when 144 is divided by 134.
10
What is the remainder when 107 is divided by 3?
2
What is the remainder when 103 is divided by 15?
13
What is the remainder when 124 is divided by 47?
30
Calculate the remainder when 106 is divided by 15.
1
What is the remainder when 5221 is divided by 17?
2
Calculate the remainder when 547 is divided by 111.
103
What is the remainder when 61 is divided by 55?
6
Calculate the remainder when 233 is divided by 151.
82
Calculate the remainder when 139 is divided by 11.
7
What is the remainder when 5446 is divided by 19?
12
Calculate the remainder when 30 is divided by 12.
6
What is the remainder when 1802 is divided by 22?
20
Calculate the remainder when 334 is divided by 57.
49
Calculate the remainder when 332 is divided by 116.
100
Calculate the remainder when 1735 is divided by 97.
86
What is the remainder when 1172 is divided by 44?
28
What is the remainder when 1751 is divided by 24?
23
What is the remainder when 168 is divided by 25?
18
Calculate the remainder when 5098 is divided by 75.
73
What is the remainder when 3429 is divided by 12?
9
What is the remainder when 1778 is divided by 439?
22
Calculate the remainder when 7365 is divided by 12.
9
Calculate the remainder when 447 is divided by 30.
27
What is the remainder when 134 is divided by 67?
0
What is the remainder when 26 is divided by 21?
5
Calculate the remainder when 717 is divided by 30.
27
Calculate the remainder when 179 is divided by 83.
13
Calculate the remainder when 32 is divided by 12.
8
Calculate the remainder when 83 is divided by 5.
3
Calculate the remainder when 194 is divided by 10.
4
Calculate the remainder when 2239 is divided by 66.
61
What is the remainder when 86 is divided by 13?
8
What is the remainder when 220 is divided by 63?
31
Calculate the remainder when 638 is divided by 28.
22
Calculate the remainder when 9496 is divided by 19.
15
What is the remainder when 200 is divided by 64?
8
Calculate the remainder when 5072 is divided by 1013.
7
Calculate the remainder when 523 is divided by 520.
3
What is the remainder when 16827 is divided by 28?
27
What is the remainder when 2926 is divided by 325?
1
Calculate the remainder when 40 is divided by 9.
4
What is the remainder when 64 is divided by 23?
18
What is the remainder when 1843 is divided by 614?
1
What is the remainder when 2510 is divided by 31?
30
What is the remainder when 370 is divided by 130?
110
Calculate the remainder when 148 is divided by 47.
7
Calculate the remainder when 65 is divided by 59.
6
What is the remainder when 40 is divided by 24?
16
What is the remainder when 238 is divided by 16?
14
Calculate the remainder when 17413 is divided by 65.
58
What is the remainder when 239 is divided by 80?
79
Calculate the remainder when 3015 is divided by 48.
39
What is the remainder when 41 is divided by 9?
5
Calculate the remainder when 355 is divided by 18.
13
Calculate the remainder when 7025 is divided by 14.
11
Calculate the remainder when 151 is divided by 22.
19
Calculate the remainder when 1930 is divided by 7.
5
Calculate the remainder when 7895 is divided by 7.
6
What is the remainder when 429 is divided by 120?
69
What is the remainder when 148 is divided by 41?
25
Calculate the remainder when 1868 is divided by 186.
8
Calculate the remainder when 14839 is divided by 20.
19
Calculate the remainder when 261 is divided by 34.
23
What is the remainder when 191 is divided by 70?
51
Calculate the remainder when 126 is divided by 30.
6
What is the remainder when 3053 is divided by 81?
56
Calculate the remainder when 3527 is divided by 56.
55
What is the remainder when 511 is divided by 18?
7
Calculate the remainder when 222 is divided by 23.
15
Calculate the remainder when 683 is divided by 86.
81
What is the remainder when 7432 is divided by 21?
19
What is the remainder when 169 is divided by 16?
9
Calculate the remainder when 984 is divided by 232.
56
What is the remainder when 6516 is divided by 40?
36
Calculate the remainder when 431 is divided by 31.
28
Calculate the remainder when 33 is divided by 6.
3
What is the remainder when 464 is divided by 11?
2
What is the remainder when 445 is divided by 24?
13
Calculate the remainder when 2772 is divided by 910.
42
What is the remainder when 145 is divided by 80?
65
Calculate the remainder when 21 is divided by 16.
5
What is the remainder when 82 is divided by 75?
7
What is the remainder when 2755 is divided by 53?
52
What is the remainder when 2244 is divided by 1117?
10
Calculate the remainder when 576 is divided by 123.
84
What is the remainder when 213 is divided by 55?
48
What is the remainder when 416 is divided by 38?
36
What is the remainder when 418 is divided by 21?
19
Calculate the remainder when 100 is divided by 91.
9
Calculate the remainder when 1266 is divided by 47.
44
What is the remainder when 395 is divided by 190?
15
Calculate the remainder when 6211 is divided by 84.
79
Calculate the remainder when 63 is divided by 22.
19
What is the remainder when 862 is divided by 98?
78
What is th